t of l?
1
Suppose -6864 = -3*w + 5*h + 5596, 2*h = 2*w - 8308. Suppose 2*g + 3*v = 2889, w = 5*g - v - 3025. What is the hundreds digit of g?
4
Let d = -65 - -79. Suppose -4*f = -d*f + 100. Suppose 2*z - f = 0, -t + 3*z + 64 = -46. What is the units digit of t?
5
Let q(z) = 1476*z**2 - 30*z + 58. What is the tens digit of q(2)?
0
Let q(d) = 2*d**3 + 4*d**2 - 3*d. Let s be q(-5). Let z = 925 + s. What is the hundreds digit of z?
7
What is the units digit of (-4)/(-12)*2*11793?
2
Let q = 33430 + -84. What is the hundreds digit of q?
3
Let i be (2/(-7))/1 + 1460/(-35). Let a be (-2 + 1)*i/(-4)*-24. Let o = 474 - a. What is the tens digit of o?
2
Let h(l) = 7*l**2 + 20*l + 62. Let n be 2*2 - (5 - 0 - -3). What is the tens digit of h(n)?
9
Let h(j) = -j**2 + 7*j - 4. Let d(c) = c**3 - 21*c**2 - 21*c - 16. Let k be d(22). Let o be h(k). What is the hundreds digit of (o + -1)*(14 + 123)?
1
Let v = -3586 + 3790. What is the units digit of v?
4
Suppose -5*f - 4 - 26 = z, -5*f - 3*z - 40 = 0. Let h be ((-56)/140)/(1/f). Suppose -5*t = -4*a + 93 - 256, h*a + 99 = 3*t. What is the tens digit of t?
3
Suppose 0 = -w + 3*w, -3*k + 3*w + 18 = 0. Suppose -4*f + 316 = 5*v - k*f, 3*v = 3*f + 195. Let l = -46 + v. What is the tens digit of l?
1
Suppose -47*k + 244146 = -274922. What is the units digit of (-2)/(-14) - k/(-14)?
9
Let v = -856 - -856. Suppose k - 4*j - 1213 = v, 3*j + 106 = -k + 1340. What is the tens digit of k?
2
Suppose 0 = -13*n + 12898 + 14220. What is the hundreds digit of n?
0
Let f = -4731 + 13479. What is the thousands digit of f?
8
Let h = 1277 + -377. What is the tens digit of (h - (1 + 4)) + 7?
0
Let y = 130 + -74. What is the hundreds digit of (-15 + -5)/(y/29 + -2)?
2
Let b(t) = 403*t**2 - 5*t - 43. What is the tens digit of b(-4)?
2
Let x be (13/(-2))/(((-133)/42)/(-19)). Let o = -37 - x. What is the units digit of ((-602)/14)/(o/(-4))?
6
Suppose 102*x - 56*x - 62*x + 248752 = 0. What is the hundreds digit of x?
5
Suppose -4*v + 3996 - 880 = 0. Let r = 615 + v. What is the units digit of r?
4
Let x(f) = 28*f**3 - 37*f + 25. What is the units digit of x(6)?
1
Suppose 3*p = -2*x + 204, 4*p - x - 225 = 36. Suppose p = -14*l + 20*l. What is the tens digit of l?
1
Let y(k) = -k**3 - k**2 - 2*k + 3212. What is the hundreds digit of y(0)?
2
Let a(b) = 2584 - 4889 - 27*b + 2446. What is the units digit of a(-19)?
4
Suppose 717 = -3*m - 429. What is the tens digit of (m/2)/((-30)/120)?
6
Suppose -16*y + 64*y - 62688 = 0. Let h = y + -280. What is the units digit of h?
6
Let x(p) = -12 + 24*p + 12*p - 65*p + 16*p. Let h be x(-5). Suppose -h = -6*k + 163. What is the units digit of k?
6
Let j be 42*(-2 + (-25)/(-10)). Suppose 14*o - j*o = 336. Let u = -36 - o. What is the units digit of u?
2
Suppose 35*l = 28*l + 105. Suppose 0 = -5*g + l, 9*z + g = 7*z + 1675. What is the units digit of z?
6
Let a = 40884 + -8526. What is the units digit of a?
8
Let g(j) = 1470*j**2 + 7*j + 9. What is the hundreds digit of g(-2)?
8
Let p(m) = -9*m**2 + 3*m + 3. Let t be p(-1). Let g be (t/1)/3 + 3. Suppose g*l - 4*l + 220 = 0. What is the tens digit of l?
5
Let d be (-5 - 1)*((-11)/2 - -1). Suppose 0 = 4*b - l - d, 0 = -b - 3*b - 3*l + 15. Let v = 30 + b. What is the units digit of v?
6
Let v(t) = 13*t**2 - 13*t + 10. Let n be v(12). Let o = n - 1026. What is the tens digit of o?
0
Suppose 206*b - 10376 = 198*b. Let n = b + -416. What is the hundreds digit of n?
8
Let r = -40 - -244. Suppose 0 = -5*b - x + 1052, 3*x + r = 2*b - b. What is the hundreds digit of b?
2
Let s(y) = -y**2 - 27*y - 3. Let a be s(-19). Let j = 153 - a. Suppose 0 = -j*z - 0*z + 752. What is the tens digit of z?
8
Let d(c) = -225*c**2 - 22*c + 63. Let t be d(3). Let i = -810 - t. What is the thousands digit of i?
1
Let t be 6*(-8 - -5)/(-6). Suppose -t*r + 27*r = 2928. What is the units digit of r?
2
Let w(j) = -j + 17. Suppose v + 4*u = 23, -2*v + 6*v - 3*u - 73 = 0. Let a be w(v). What is the units digit of -32*(4 - (a - -10))?
8
Let x = -713 + 1226. Suppose -h = -x + 26. What is the tens digit of h?
8
Suppose -14*a - 35*a = 57*a - 1834012. What is the units digit of a?
2
Let k be 0/((4 - 0/(-4))/2). Suppose -5*q = -k*q - 0*q. Suppose q = 5*o - 26 - 489. What is the hundreds digit of o?
1
Suppose 463*v - a = 462*v + 54019, -2*a = 8. What is the thousands digit of v?
4
Let x = -48792 + 91687. What is the thousands digit of x?
2
Let h be (-10)/70 + (-60930)/(-14). What is the thousands digit of 22/(-33) - (4 - h/3)?
1
Suppose 2*y = -3*y + 15. Suppose 2*t + 3*n - 88 = -27, y*t - 99 = -3*n. Suppose 310 = 6*c - t. What is the tens digit of c?
5
Let b = 61171 - 35316. What is the hundreds digit of b?
8
Suppose -7*i + 16*i = 17*i - 43768. What is the thousands digit of i?
5
Let j(g) = 12*g**3 + 35*g**2 + 12*g - 23. Let p(t) = 17*t**3 + 52*t**2 + 17*t - 35. Let w(i) = -7*j(i) + 5*p(i). What is the units digit of w(-7)?
1
Suppose 3*n + 6*o - 3*o - 9 = 0, -4*n - 5*o = -12. Suppose -c = n*k - 75, 6*c - 3*c + 2*k = 218. What is the tens digit of c?
7
What is the hundreds digit of 187*(-27)/(-2)*714/153?
7
Let f(d) = -55*d - 49. Let t(u) = -439*u - 390. Let g(r) = 51*f(r) - 6*t(r). What is the units digit of g(-6)?
7
Let f(k) = 2*k**3 + 19*k**2 - 12*k - 11. Let d be f(-10). What is the units digit of 2/d - 57596/(-99)?
2
Let n(r) = 2*r**2 - r - 27. Let b be n(4). What is the tens digit of (41 - 211)*(-2)/b?
4
Suppose d - 9172 = -3*c, 5*c + 25468 = 4*d - 11152. What is the units digit of d?
0
Let s(q) be the third derivative of -q**6/120 + q**5/12 + q**3/2 - 6*q**2. Let a be s(5). Suppose 6*k = a*k + 3. What is the units digit of k?
1
Suppose -4*b - q + 3*q - 1376 = 0, -1035 = 3*b - 3*q. Let r = 365 + b. What is the units digit of r?
2
Let a = 4 - 1. Let f(c) = 10*c**3 + 5*c**2 - 9*c**a + 0*c + 14 - 5*c. What is the units digit of f(-6)?
8
Suppose -19*b - 20452 = -339*b + 111068. What is the units digit of b?
1
Let k be 2 - (-4)/(-8)*0. Suppose 3*z + 5*g - 491 = 0, -k*z + 646 = 2*z - 2*g. Suppose 0 = -3*o + 15, -3*u - 2*o = -64 - z. What is the tens digit of u?
7
Suppose 504 = 4*p + 492, -2*p + 2385 = 3*a. What is the units digit of a?
3
Suppose 0 = -10*u + 17*u - 259. Let w = u + -31. What is the tens digit of 4/6*18*w?
7
Let g(b) = 303*b**2 - 19*b + 19. Let i be g(1). Let v = i + -102. What is the hundreds digit of v?
2
Suppose i = 4*q - 40517, -4*q + 25848 + 14639 = 5*i. What is the ten thousands digit of q?
1
Suppose -28*t - 4242 = -34*t. Suppose -r = 2*q - 285, 5*q - 5*r = -2*r + t. What is the tens digit of q?
4
Let t be 78/(-8) - (-2)/(-8). Let k(l) be the second derivative of -l**5/20 - 3*l**4/4 + l**3/6 - 7*l**2 + 157*l. What is the tens digit of k(t)?
7
Suppose 9*j = -2089 - 332. Let b = j - -554. What is the units digit of b?
5
Let c be (-23)/(230/(-168))*-10*8. Let f = c - -2183. What is the units digit of f?
9
Let x = -49596 - -73659. What is the ten thousands digit of x?
2
Let p = 657 + -424. Suppose -4*t + z = -170, 4*t - p + 67 = 3*z. Let l = t - 1. What is the tens digit of l?
4
Let r(m) = -m**2 - 20*m + 1. Let d = -28 - -19. Let w be r(d). Suppose 5*n = 3*n, -5*i + w = -2*n. What is the units digit of i?
0
Let d = -6606 - -29752. What is the ten thousands digit of d?
2
Suppose -2*x = 70 - 52. Let b be (3/x)/(2 - 93/45). Suppose -8 = -b*y + y. What is the units digit of y?
2
Let i(m) = m**3 + m**2 - m + 7911. What is the tens digit of i(0)?
1
Let p be 6*(-2 - -3*1). Let b(z) be the third derivative of z**6/120 - z**5/10 + 7*z**4/24 + 13*z**3/6 + 737*z**2. What is the tens digit of b(p)?
5
Suppose 7*t - 3*t = 3*h + 24, 5*t = 5*h + 35. Let i(b) = 5*b - 9. Let v be i(t). Suppose j - v*n = -2*n + 149, 5*j + 2*n = 701. What is the units digit of j?
1
Suppose 11*y - 47755 - 8565 = 0. What is the hundreds digit of y?
1
Let s(t) = 2*t**3 - 2*t**2 + 4*t - 3. Let g be s(1). Let m be g + 2 - (6 + -2). What is the tens digit of 1*(169 + 2 - (3 - m))?
6
Let p(o) = o**2 + 4*o + 3. Let d be p(-4). Suppose d = -q - 2. What is the units digit of 1 + 7 - (-1 - -6)/q?
9
Let n(f) = 36*f**2 + 10*f - 801. What is the tens digit of n(-29)?
8
Let m be (20 + 1 + -4)/(-1). Let h = m + 66. What is the units digit of (4 - h)/(-5) + -3?
6
Let n be (15 - 5)*1/2. Suppose -n*o + 2840 = -27165. What is the tens